j - g = g. Suppose j*h = -4*a + 116, -a = -2*a - 5*h + 20. Suppose 10 = 5*c - a. What are the prime factors of c?
2
Suppose -h + 15 + 12 = 0. Suppose -4*b + h + 49 = 0. List the prime factors of b.
19
Suppose -3 = -k - 2*u, 0 = 2*k - k - 4*u - 9. Suppose 35 = k*o - 0. What are the prime factors of o?
7
Let m(n) = 42*n + 2. What are the prime factors of m(2)?
2, 43
Let q(u) = u**2 + 2*u. Let m(p) = 13*p - 1. Let s be m(1). Suppose 2*k + 4*v = -6, -2*v = -k - 3*k - s. List the prime factors of q(k).
3
Suppose 4*b + 13 = 177. What are the prime factors of b?
41
Suppose u - s = 2*s - 19, -2 = -2*u - 2*s. List the prime factors of (u/1)/(-2*1).
2
Let h be 0 - (2 + -4)/2. Let b(a) = -a**3 - 5*a**2 - 6*a - 1. Let l be b(-4). Suppose h = f - l. List the prime factors of f.
2
Suppose 5*k - 238 = 72. List the prime factors of k.
2, 31
Let j(h) = h**3 - 3*h**2 - 3*h + 5. List the prime factors of j(5).
2, 5
Suppose -3*l + 51 = -0*l. Suppose -o + 5*m + 14 + 9 = 0, o + 5*m = -l. Suppose o*p - k - 20 = 0, 8*p - 3*k = 4*p + 25. What are the prime factors of p?
7
List the prime factors of (8/(-8))/(2/(-36)).
2, 3
Let t be (-1)/2*(13 - 13). Suppose -m + t*m + 20 = 0. What are the prime factors of m?
2, 5
Suppose -3*u + 27 = -3*t, -4*u - 3*t - t + 12 = 0. What are the prime factors of u?
2, 3
Let b = 24 + 37. What are the prime factors of b?
61
Suppose -8 = -3*u - u. Suppose u*r - 1 = 3. Suppose -2*s + g + 3*g = r, 0 = s - 5*g + 13. List the prime factors of s.
7
Let c(f) = -f**3 + 4*f**2 - 2*f - 3. Let z be c(3). Suppose -102 = -3*r - z*r. What are the prime factors of r?
2, 17
Let k = -65 - -98. What are the prime factors of k?
3, 11
Let a(j) = 3*j**2 - 13*j + 11. List the prime factors of a(12).
7, 41
Suppose 0*h - 6 = -3*h. Suppose 4*m + 4*q = 16, -h*q = -4*m + q + 9. List the prime factors of m.
3
Let a be ((-12)/(-10))/(9/60). Suppose -3*w + 3*h = -5*w - a, 5*w = h + 14. Suppose -4*k = -w*r + 16, 0*r + 6 = 2*r + k. List the prime factors of r.
2
Suppose 0*i + 118 = 2*t - 4*i, -5*t - 3*i + 295 = 0. What are the prime factors of t?
59
Suppose -6*x + x + 20 = 0, 5*x + 16 = 2*d. Let q be (-212)/d + 6/(-27). Let c = 3 - q. List the prime factors of c.
3, 5
List the prime factors of 98/3*90/20.
3, 7
Let m(v) = -v**3 + 8*v**2 - v + 5. Let z be m(8). List the prime factors of 5/(z*(-1)/9).
3, 5
Let g(f) = 23*f**2 - 3*f - 17. What are the prime factors of g(4)?
3, 113
Let a(c) = -c**2 + 6*c + 6. Let f be a(7). Let g = f - -1. Let w = g - -11. List the prime factors of w.
11
Let n = -11 + 14. Suppose -n*p + 0*p + 30 = 0. Let v = p - 2. List the prime factors of v.
2
Suppose 9*f - 164 - 34 = 0. What are the prime factors of f?
2, 11
Suppose -4*t - t - 2*a = -4, -4*a = 12. Suppose -3*r - 79 = -4*k - 6*r, 90 = 5*k + t*r. List the prime factors of k.
2
Suppose -p - 20 = p. Let v = p + 22. List the prime factors of v.
2, 3
Let y = 4 - -15. What are the prime factors of y?
19
Suppose 2*n = 3*l + 2*l + 16, -3*l - 3*n + 3 = 0. Let u be ((-4)/(-6))/(l/(-15)). Let d = 14 - u. What are the prime factors of d?
3
Let y = 16 - -31. List the prime factors of y.
47
Let w be 2/3 - 7/(-3). Suppose -51 - 91 = -2*m. Suppose -4*p - 4 = 5*a - m, p + 30 = w*a. What are the prime factors of a?
11
List the prime factors of (-164)/(-4) - (-4)/(-2).
3, 13
Let j be 6/(-3) + 3 - 2. Let n(x) = 2*x + 1. Let g be n(j). What are the prime factors of (-4 - g)*4/(-3)?
2
Suppose -10 = 3*s + 5. Suppose -w + h - 5 = 0, w - 2*h + 1 = -0*w. Let l = s - w. What are the prime factors of l?
2
Suppose -6 = -u - 4. Let t = u + 2. What are the prime factors of 2*3*6/t?
3
List the prime factors of 1 + 1 + (-30)/(-2).
17
Let p(r) = 49*r**3 - 2*r**2 + r. Let i be p(1). Suppose 2*h + 4*s + 28 = 0, 5*h + 2*s + i = 3*s. Let w = 2 - h. List the prime factors of w.
2, 3
Let s = 24 - 6. Suppose -22 = -2*r + s. List the prime factors of r.
2, 5
What are the prime factors of (-6)/2 - -6 - -15?
2, 3
Suppose 0 = z - 3*s + 2 - 7, 0 = -4*z + 2*s - 10. What are the prime factors of 2 + 41 + 5 + z?
2, 11
Let t = 1 + -1. What are the prime factors of 110/5 + (3 - t)?
5
Let c(o) be the second derivative of o**3/6 + 5*o**2 - o. Let q be c(-7). Suppose q*t - 7 = 3*m - 31, 4 = m + 3*t. What are the prime factors of m?
7
Let y(n) = n + 1. Let d(j) = -2*j - 4. Let p(h) = -d(h) - 4*y(h). Let k be p(-2). List the prime factors of ((-8)/12)/(k/(-66)).
11
Suppose -q + 5*w = -3*q + 445, 0 = -4*w + 4. What are the prime factors of q?
2, 5, 11
What are the prime factors of ((-1)/(-1))/((-279)/141 + 2)?
47
Let a(j) = 8*j + 3. What are the prime factors of a(4)?
5, 7
Suppose 5*a = 3*w + 30, a - w = 8 - 0. Suppose 2*s - 6 = a*j, 2*s + 5*j = 6*s - 12. List the prime factors of 49/4 + s/4.
13
Let d(r) = 2 - r + 0*r + 0*r**2 - r**2 - r**3. Let b = 9 + -9. What are the prime factors of d(b)?
2
Let l be (-148)/(-1*6/3). Let m = l - 48. What are the prime factors of m?
2, 13
Suppose 2*q = -2, 0 = -2*l - q - 2*q + 551. List the prime factors of l.
277
Let f(m) be the second derivative of -m**5/60 - m**4/3 + m**3/2 - m. Let x(q) be the second derivative of f(q). List the prime factors of x(-6).
2
List the prime factors of 1/((20/(-905))/(-4)).
181
Suppose -5*l + 9*l = 1536. List the prime factors of l.
2, 3
Let a = -2 - -6. Suppose 0 = 2*o + 5*i - 70, 4*i - 45 = a*o - 185. Suppose 2*d + 0*m + 5 = 3*m, -5*m = 2*d - o. What are the prime factors of d?
5
Let x = -195 - -340. What are the prime factors of x?
5, 29
What are the prime factors of ((-2)/6)/((-15)/4365)?
97
Let w = -14 - -10. What are the prime factors of ((-68)/w)/((-3)/(-3))?
17
Suppose 0 = 3*a - 216 - 39. List the prime factors of a.
5, 17
Let k be (-22)/(-10) - 1/5. Suppose k*w + 3 = -5. Let h(z) = -3*z. What are the prime factors of h(w)?
2, 3
Suppose -8 + 3 = -k. Suppose k*m = -2*o + 57, 5*o - 2 - 3 = 0. List the prime factors of m.
11
Let l(n) = 27*n. Let r be l(1). Let g = -19 + r. What are the prime factors of g?
2
Let n = 163 - 140. What are the prime factors of n?
23
Suppose 2*m - 6*v + 3*v + 8 = 0, -5*v = -5*m - 15. Let h = m - -2. List the prime factors of ((-5)/h)/((-1)/2).
2, 5
Let y(x) = 2*x - 2. Let k be y(4). Let v(q) = -11*q**2 + 7*q + 1. Let u(w) = 7*w**2 - 5*w - 1. Let g(z) = 8*u(z) + 5*v(z). What are the prime factors of g(k)?
3
Let s(w) be the second derivative of -w**5/20 + w**4/2 - w**3/2 - 2*w**2 - w. What are the prime factors of s(5)?
2, 3
Suppose 0*k - 3*k = 5*d + 16, -5*k - d + 10 = 0. Suppose -k*f = 2*f - 10. Suppose -4*j = 3*q - 25 - 31, -j - f*q = -19. List the prime factors of j.
11
Suppose -6 = -3*w + 6. Suppose -w = -y - 1. What are the prime factors of y?
3
List the prime factors of 22/(-55) + 214/10.
3, 7
Let z(d) = -d + 20. Let w be z(6). Suppose -5*r + 74 = w. What are the prime factors of r?
2, 3
Suppose -2*f = 3*f - 15. Suppose 4*b + 0*b - 3*m = 3, f*b - 3 = 2*m. What are the prime factors of b?
3
Suppose -13*q + 12*q - 4*a + 47 = 0, -4*a - 23 = -q. What are the prime factors of q?
5, 7
Suppose -6*p + 324 = -0*p. What are the prime factors of p?
2, 3
Suppose -25 = 5*k, l + 2*k = 6*l - 50. Suppose -l - 27 = -5*o. Suppose -2*f + o = -5. What are the prime factors of f?
2, 3
Let t(x) be the third derivative of -x**5/60 + x**4/3 - 7*x**3/6 - 3*x**2. List the prime factors of t(6).
5
Let i(k) = -2*k**2 - 5*k + 9. Let n be i(-7). Let v = -31 - n. Let u = -12 + v. List the prime factors of u.
11
Suppose 2 = 2*h - 14. Suppose -h*u + 16 = -4*u. What are the prime factors of u?
2
Let s be (10/4)/((-5)/(-10)). Let l(j) = -j**3 + 5*j**2 + 3*j + 6. What are the prime factors of l(s)?
3, 7
Let n(x) = x**3 + x**2 + x - 1. Let q(l) = -6*l**3 - 11*l**2 - 7*l + 2. Let r(t) = -5*n(t) - q(t). List the prime factors of r(-3).
2, 3
Let x(q) = 56*q**2 - q. What are the prime factors of x(-1)?
3, 19
Let t(y) = y - y + 6 + y. Let u = -8 - -14. List the prime factors of t(u).
2, 3
Let f(g) be the second derivative of 5*g**4/12 + g**3/6 - g**2 - 2*g. Suppose c - 8 - 2 = 3*l, -l - 14 = 5*c. List the prime factors of f(c).
2
Let c = -5 - -95. What are the prime factors of c?
2, 3, 5
Let q(r) be the third derivative of -r**4/4 + 3*r**2. What are the prime factors of q(-1)?
2, 3
Let v(y) = y + 7. Let x be v(-3). Suppose -28 = -0*k - x*k. Let c(j) = j. List the prime factors of 